
23
Let c(s) = s**2 - 23*s + 40. Determine c(21).
-2
Let p(k) = -9*k + 95. Give p(10).
5
Let v(n) = 2*n**2 + 12*n + 7. Determine v(-6).
7
Let h(r) = -r**3 - 4*r**2 + 5*r - 11. What is h(-7)?
101
Let a(w) = 4*w - 13. Give a(-6).
-37
Let i(v) = -v + 7. Give i(3).
4
Let z(r) = r**2 - 7*r + 15. What is z(4)?
3
Let x(v) = v**3 + 6*v**2 - 7*v - 25. Determine x(-6).
17
Let l(c) = 18*c**2 - 4*c - 7. Determine l(-2).
73
Let p(b) = b**3 - 6*b**2 - 11*b + 17. What is p(7)?
-11
Let q(r) = -r**2 - 5*r - 11. What is q(-4)?
-7
Let l(u) = 6*u + 4. Determine l(-1).
-2
Let b(c) = 3*c**2 + 5*c - 6. Calculate b(3).
36
Let c(g) = g**3 - 4*g**2 + 3*g - 4. What is c(3)?
-4
Let z(x) = -x**3 - 5*x**2 - 10*x - 26. Calculate z(-4).
-2
Let p(w) = -w**2 + 3*w - 10. Determine p(3).
-10
Let r(n) = n**3 + 5*n**2 + 7*n. Give r(-3).
-3
Let t(y) = y**2 - 13*y - 11. Give t(15).
19
Let c(i) = -i**2 + 27*i + 60. What is c(28)?
32
Let a(v) = 4*v + 4. What is a(-1)?
0
Let t(j) = 40*j + 246. Give t(-6).
6
Let y(a) = -55*a - 3. Calculate y(-1).
52
Let a(m) = 8*m + 1. Calculate a(1).
9
Let v(y) = y**2 - 7*y + 5. Determine v(5).
-5
Let y(q) = q**3 - 20*q**2 - 70*q + 39. Give y(23).
16
Let i(l) = -l**3 - 6*l**2 - 5*l - 3. Determine i(-5).
-3
Let y(m) = 29*m - 5. Give y(1).
24
Let w(q) = -q - 18. Calculate w(-17).
-1
Let j(p) = 2*p - 39. Determine j(13).
-13
Let t(m) = 5*m + 1. What is t(-6)?
-29
Let h(i) = i**3 - 20*i**2 + 18*i - 12. Give h(19).
-31
Let v(u) = u**2 + 2*u - 6. Give v(-4).
2
Let m(q) = 2*q + 22. Calculate m(-13).
-4
Let x(s) = 4*s**2 + s - 2. Give x(-1).
1
Let u(s) = -s**2 - 11*s - 15. Give u(-7).
13
Let f(r) = -r + 27. Calculate f(7).
20
Let x(v) = 24*v - 125. Determine x(5).
-5
Let k(i) = 4*i**3 + 2*i**2 + 2*i + 1. Calculate k(-1).
-3
Let f(p) = -2*p**2 + 3*p - 6. Calculate f(4).
-26
Let j(q) = 2*q - 27. What is j(17)?
7
Let k(b) = b**3 + 6*b**2 + 7*b + 3. Determine k(-5).
-7
Let b(o) = -26*o**2 + 2*o - 5. Determine b(2).
-105
Let k(l) = -7*l**3 - 5*l**2 - 4*l - 5. Give k(-2).
39
Let b(t) = t**2 - 8*t + 5. What is b(6)?
-7
Let z(k) = 2*k**2 - 68*k + 136. Determine z(32).
8
Let m(x) = 4*x. What is m(-3)?
-12
Let n(r) = r - 15. Give n(0).
-15
Let y(n) = -8*n - 39. Give y(-6).
9
Let p(u) = -15*u - 36. What is p(-2)?
-6
Let i(m) = 11*m**3 - m. Give i(-1).
-10
Let x(b) = b**3 + 5*b**2 + b + 5. Give x(-5).
0
Let t(s) = -5*s - 7. Determine t(-2).
3
Let k(u) = 3*u**2 + 27*u + 29. Give k(-7).
-13
Let j(v) = 16*v + 3. What is j(4)?
67
Let z(b) = -b**3 - 7*b**2 + 6*b + 4. What is z(-8)?
20
Let i(d) = 4*d - 53. Determine i(14).
3
Let k(i) = -2*i**2 - 10*i - 7. Determine k(-8).
-55
Let r(k) = -k**2 - 3*k - 18. Calculate r(-5).
-28
Let c(i) = -i + 14. Calculate c(8).
6
Let w(f) = -4*f + 9. Calculate w(-4).
25
Let j(c) = -4*c - 4. What is j(-1)?
0
Let g(x) = -x**2 - 6*x + 1. What is g(4)?
-39
Let u(o) = 32*o**3 + 1. What is u(-1)?
-31
Let x(j) = 9*j + 4. What is x(-4)?
-32
Let b(t) = -t**2 - 7*t + 21. Give b(-10).
-9
Let d(g) = 2*g**2 + 3*g - 4. What is d(-3)?
5
Let s(y) = -y**3 + 5*y**2 + 4*y + 1. What is s(5)?
21
Let r(v) = -v**2 - 21*v - 3. Calculate r(-22).
-25
Let k(r) = 2*r**2 - 20*r + 8. Calculate k(9).
-10
Let x(a) = -29*a + 11. Calculate x(1).
-18
Let p(g) = -g**3 - 4*g**2 + 10*g + 20. Give p(-5).
-5
Let q(c) = c**2 - 12*c + 22. Give q(9).
-5
Let l(o) = o - 11. What is l(0)?
-11
Let r(f) = -f**2 - 2*f - 10. Calculate r(0).
-10
Let r(f) = 2*f - 7. Calculate r(6).
5
Let i(w) = -16*w - 198. Give i(-13).
10
Let x(j) = j**3 + 10*j**2 - 7*j + 36. What is x(-11)?
-8
Let t(w) = w**3 - 4*w**2 - 7*w - 8. Determine t(6).
22
Let r(m) = 21*m - 412. What is r(19)?
-13
Let t(f) = -f**3 + 6*f**2 - 4*f - 8. Give t(6).
-32
Let j(w) = w**2 + 4*w - 16. Calculate j(5).
29
Let s(c) = -c**2 - 2*c + 11. Give s(-5).
-4
Let f(h) = -h**2 + 18*h - 24. What is f(16)?
8
Let q(c) = -c**2 - 11*c - 14. Determine q(-12).
-26
Let j(z) = -2*z - 7. What is j(-12)?
17
Let j(q) = 6*q - 4. Give j(-2).
-16
Let a(m) = -m**3 - 9*m**2 - 3*m + 25. Determine a(-8).
-15
Let w(g) = -g**3 - 6*g**2 - g + 3. What is w(-6)?
9
Let p(a) = a**2 + 5*a + 1. What is p(-4)?
-3
Let p(w) = w**3 - 22*w**2 + 99*w - 14. Give p(6).
4
Let g(p) = -5*p**2 + 4*p. What is g(2)?
-12
Let i(h) = -5*h + 51. What is i(8)?
11
Let n(r) = 2*r - 9. Give n(-11).
-31
Let x(b) = b**2 + 20*b - 23. Calculate x(-19).
-42
Let w(i) = 3*i + 18. Give w(-1).
15
Let k(t) = -t**3 - 11*t**2 - 7*t + 33. What is k(-10)?
3
Let m(k) = -k**2 - 5*k + 2. Give m(-7).
-12
Let d(l) = l**3 - 9*l**2 - 6*l + 13. Calculate d(9).
-41
Let h(g) = g**3 + 4*g**2 - 3*g - 4. Give h(-4).
8
Let x(q) = -q**2 - 3*q + 14. Determine x(-5).
4
Let u(n) = -n**3 + 14*n**2 - 16*n + 35. What is u(13)?
-4
Let t(p) = p**2 - 13*p + 14. Determine t(12).
2
Let c(b) = -3*b**2 + 24*b - 3. What is c(8)?
-3
Let p(z) = z**3 - 10*z**2 + 3*z - 38. What is p(10)?
-8
Let c(g) = -g**2 - 13*g + 5. Determine c(-6).
47
Let z(h) = 3*h + 9. Give z(-4).
-3
Let a(i) = -2*i**2 + 10*i - 10. What is a(4)?
-2
Let m(l) = l**3 - 8*l**2 - 7*l - 15. What is m(9)?
3
Let y(f) = 12*f**2 + 2*f - 2. What is y(1)?
12
Let o(t) = -3*t + 45. What is o(12)?
9
Let f(j) = -84*j - 1. Give f(-2).
167
Let j(z) = -z**3 - 5*z**2 - 2*z + 1. Give j(-1).
-1
Let i(y) = -3*y**3 + 3*y**2. Calculate i(2).
-12
Let r(d) = 4*d**2 - 3*d + 3. What is r(6)?
129
Let g(f) = 6*f - 17. Give g(6).
19
Let u(w) = -w**2 + 15*w + 27. Calculate u(15).
27
Let i(c) = c**3 + 39*c**2 - 4*c - 152. Calculate i(-39).
4
Let k(u) = -17*u + 42. Give k(2).
8
Let p(i) = 38*i + 20. Determine p(-1).
-18
Let u(g) = g + 31. Give u(-7).
24
Let o(l) = 8*l + 38. Give o(-4).
6
Let v(g) = -8*g + 27. What is v(4)?
-5
Let k(l) = -6*l - 14. Calculate k(10).
-74
Let f(g) = -g**3 + 15*g**2 + 19*g - 31. Calculate f(16).
17
Let y(m) = 2*m - 10. Give y(6).
2
Let q(r) = 23*r + 158. Calculate q(-7).
-3
Let n(f) = 2*f**3 - f**2 - 3*f + 11. Calculate n(2).
17
Let t(k) = -k**3 + 7*k**2 - 10*k + 32. Determine t(6).
8
Let n(c) = -c**3 - 2*c**2 + c - 6. What is n(0)?
-6
Let n(p) = 2*p**2 - 2*p + 17. Give n(0).
17
Let h(k) = k**3 + 8*k**2 + 8*k - 11. What is h(-6)?
13
Let a(g) = -3*g - 1. What is a(6)?
-19
Let z(k) = -k**2 - 32*k + 9. Determine z(-32).
9
Let f(o) = -o**2 + 14*o - 37. Calculate f(11).
-4
Let g(u) = -u**2 + 5*u - 4. Determine g(4).
0
Let p(x) = 6*x - 70. Calculate p(12).
2
Let d(p) = -18*p - 1. What is d(1)?
-19
Let k(p) = 2*p**3 - 8*p**2 + p + 4. Calculate k(4).
8
Let d(f) = 63*f - 2. Determine d(1).
61
Let w(d) = -d**3 - 8*d**2 + 6. Give w(-8).
6
Let i(l) = -l**2 - 8*l - 8. Calculate i(-5).
7
Let j(l) = -3*l + 79. Give j(26).
1
Let d(k) = -k**2 - 5*k + 16. Give d(-7).
2
Let x(s) = s**3 + 6*s**2 + 5*s - 3. Calculate x(-2).
3
Let b(q) = -q**2 + 6*q + 15. Calculate b(13).
-76
Let w(c) = c**2 + 15*c - 2. Determine w(-17).
32
Let j(w) = -w**2 - 12*w - 21. Calculate j(-5).
14
Let q(r) = 8*r + 52. Determine q(-5).
12
Let t(u) = -u**2 + 7*u + 7. What is t(9)?
-11
Let g(j) = 2*j - 15. What is g(12)?
9
Let g(i) = 2*i - 5. What is g(-13)?
-31
Let m(u) = -u**2 - 3*u. Determine m(-6).
-18
Let z(h) = -2*h - 6. Determine z(5).
-16
Let a(y) = y**3 - 7*y**2 + y + 2. Determine a(7).
9
Let a(i) = 8*i + 56. Give a(-8).
-8
Let t(q) = q**3 - 22*q**2 + 39*q - 16. Determine t(20).
-36
Let y(p) = p**2 + 11*p + 10. What is y(-9)?
-8
Let s(b) = -6*b**3 + 2*b**2 - 3*b - 1. Give s(2).
-47
Let j(p) = -8*p - 4. Determine j(-5).
36
Let j(x) = 16*x + 17. Determine j(-2).
-15
Let b(s) = -6*s + 8. What is b(5)?
-22
Let v(p) = p**3 - 6*p**2 - 3*p + 8. Determine v(3).
-28
Let d(s) = -s - 17. Give d(2).
-19
Let m(l) = l**3 + 4*l**2 - 7*l + 8. Determine m(-6).
-22
Let v(z) = 2*z**2 - 43*z + 232. What is v(10)?
2
Let k(b) = b - 5. Give k(0).
-5
Let u(d) = d**2 - d - 2. Determine u(-3).
10
Let l(h) = -24*h - 1185. What is l(-49)?
-9
Let b(y) = y**3 + 9*y**2 + 14*y - 8. Calculate b(-7).
-8
Let o(q) = -7*q - 7. Give o(5).
-42
Let x(q) = -28*q. What is x(-3)?
84
Let j(o) = -6*o - 2. What is j(1)?
-8
Let k(n) = 2*n - 19. What is k(12)?
5
Let m(z) = -z**2 - 17*z + 8. What is m(-16)?
24
Let b(d) = d + 5. Calculate b(-5).
0
Let i(z) = -2*z + 7. Determine i(5).
-3
Let y(i) = i**3 - 3*i**2 + 4*i + 2. What is y(4)?
34
Let r(i) = i**2 + 22*i - 48. Determine r(-22).
-48
Let m(h) = h**3 - 4*h**2 - 19*h + 45. Determine m(6).
3
Let j(x) = 